rime factors of l(-5)?
2, 661
Let w(f) be the third derivative of 23*f**2 - 1/20*f**5 + 4/3*f**4 - 5/6*f**3 + 0*f + 0. List the prime factors of w(10).
3, 5
Suppose -5*h = -3*o - 2529, 2*h = 4*h + 5*o - 993. Suppose y = 775 + h. What are the prime factors of y?
1279
Suppose 11*u = -u. Suppose -w - 777 = -p, -2*w = 3*p - u*p - 2331. What are the prime factors of p?
3, 7, 37
Let x(o) = 76*o**2 + 57*o + 1713. What are the prime factors of x(-33)?
2, 3, 6883
Let w(h) = 6400*h**2 + 191*h + 580. List the prime factors of w(-3).
11, 5237
Suppose 4*k - 1442 = 2*c + 488, -c = -k + 486. What are the prime factors of k?
479
Suppose -394 = -15*g + 14*g. Suppose 4*n + 2*x - g = 0, n - 32 = 4*x + 53. Suppose -12 + n = 5*p. List the prime factors of p.
17
Let j(u) = -2*u + 157. Let h be j(0). Let t = h - -583. What are the prime factors of t?
2, 5, 37
Suppose 5*u + 3*r - 167534 = 0, -9*u + 67008 = -7*u + 4*r. List the prime factors of u.
2, 8377
Let y be (91/(-52))/(1/(-1216)). Suppose -8*o = -12*o + 4*c + y, -4*o - 5*c = -2128. What are the prime factors of o?
2, 7, 19
Let b be -2 + (-36748)/36 - (-4)/(-18). Let r = b - -1459. What are the prime factors of r?
2, 109
Let u(i) = 2*i**3 - 3*i**2 + 3*i - 6. Let y be u(3). Suppose 0 = -5*o + y. Suppose -o*t + 733 = -545. List the prime factors of t.
3, 71
Let p = 172 + -145. Suppose p - 9 = y. List the prime factors of y.
2, 3
Let b = 1 + 17. List the prime factors of 52850/98 - (-1 - b/(-14)).
7, 11
Suppose -3*o + 20535 = 5*l - 54638, 3*o - 30062 = -2*l. What are the prime factors of l?
11, 1367
Let o = 70 - 65. Suppose -3*g + 93 = 2*h, 3*h - g = o*h - 99. Suppose -m - 2*l = 7 - h, -2*m + 3*l + 116 = 0. List the prime factors of m.
2, 13
Let p = -85 + 87. Let w(c) = 15 + 1 - 9*c - 12*c - p. List the prime factors of w(-5).
7, 17
Let y = -15851 + 27657. What are the prime factors of y?
2, 5903
Let f(r) = -5*r - 43. Let w be f(-16). Suppose 95 = 2*c - w. What are the prime factors of c?
2, 3, 11
Let b be (-2)/7 - (-7 - (-158730)/(-42)). Suppose -12*i - 1230 = -b. What are the prime factors of i?
3, 71
Suppose 2*c = -5*g + 2, 3*g - 1 = -3*c + 2*c. Let z be (-34)/(-3)*12/8. Suppose -s - z + 99 = g. What are the prime factors of s?
2, 41
Let b(g) = 11*g**3 + 2*g**2 + 2*g + 7. Let n be b(3). Let f = -222 + n. What are the prime factors of f?
2, 53
Suppose w - 15 = -2*w. Suppose i + w*i - 30 = 0. Suppose 0 = i*o - 269 + 49. List the prime factors of o.
2, 11
Let r(k) be the first derivative of -4*k**3/3 - 2*k**2 + 9*k - 25. Let c be r(6). Let h = -61 - c. List the prime factors of h.
2, 7
Let b be 3035/5 + (-2 - -6 - 1). Let o = -355 + b. Suppose -2*t = t - o. What are the prime factors of t?
5, 17
Let z = 189 + 2565. List the prime factors of z.
2, 3, 17
Suppose 2*r + 3*s + 845 = 0, s + 1284 = -3*r + 2*s. What are the prime factors of (-70)/49 - (-3)/7 - r?
2, 3, 71
Let m = -325 + 787. What are the prime factors of (-2)/(-7) - (-174504)/m?
2, 3, 7
Let s(l) = 91*l**3 - 2*l**2 - 2*l + 50. List the prime factors of s(8).
2, 67, 347
Let s = 4799 + -11027. List the prime factors of (s/(-8))/(-1)*2/(-3).
3, 173
Let h(n) be the first derivative of -15*n**2 - 4*n + 4. Let z be h(-2). Suppose -5*p + z = -4*p. List the prime factors of p.
2, 7
Suppose -216*y = -3017057 - 1142966 + 821743. What are the prime factors of y?
5, 11, 281
Let w be (1 - 4)/(-3) + -1. Suppose -c - c = -4*f + 38, -3*c - 3 = w. List the prime factors of (-1)/(-3) + (-3)/(f/(-494)).
3, 5, 11
List the prime factors of (156*2/48)/((-1)/(-612)).
2, 3, 13, 17
Let u be 6/(-21) + (-340)/(-14). What are the prime factors of (-54109)/(-88) - (-3)/u?
3, 5, 41
Suppose -4*p + 15673 + 4847 = 6544. List the prime factors of p.
2, 1747
Suppose 0 = 3*j - 10 - 11. Let b(n) = 5*n - 13. Let m be b(j). List the prime factors of -3 + (m - (-1 + -1)).
3, 7
Let p(i) = -5*i**3 - i**2 + 7*i + 1758. List the prime factors of p(0).
2, 3, 293
Let p(d) = 3*d - 4*d - 2*d**3 - 4 + 2. Let j be (-10)/(1 - 6) + (-42)/7. List the prime factors of p(j).
2, 5, 13
Suppose -a = -0 + 35. Let p be 21/a - (-6)/(-5)*-3. Suppose -434 = -2*m - p*m - r, 0 = 4*r + 4. What are the prime factors of m?
3, 29
Suppose -2*s + 3 = -g + 15, 2*s - 20 = -g. Let d be (g/(-12) - 0)*3. List the prime factors of 258/d*4/24*-4.
43
Let y(r) = 10*r**2 - 187*r - 112. What are the prime factors of y(-28)?
2, 7, 463
Suppose c - 3613 = -m, -4*c = 5*m - 5*c - 18089. What are the prime factors of m?
3617
Let x(z) = z**2 + 17*z - 51. Let t be x(3). What are the prime factors of (-10437)/(-9) + (12/t - 1)?
2, 5, 29
Let s be (8/(-6) - -2) + 100/30. Suppose s*b = 897 + 703. Suppose b + 867 = 7*r. List the prime factors of r.
181
Suppose -4*h + 35 = -k, -h - 130 = 2*k + 3*h. Let u = 113 + -217. Let c = k - u. What are the prime factors of c?
7
Let g(b) = -4*b + 8*b - 5*b - 9. Let o be g(-14). Suppose 3 - 2 = -a - 2*r, 2*a = o*r + 25. What are the prime factors of a?
5
Let u(r) = 52*r - 7*r**2 - r**3 - 35*r - 4 - 24*r. Suppose 4*h + 32 = -4*w + 2*h, -4*w + 3*h = 12. What are the prime factors of u(w)?
2
Let p = 148 + -143. Suppose -4*x - 296 = -3*f, 2*f + 490 = 7*f - p*x. What are the prime factors of f?
2, 3
Let f = -68878 + 116537. What are the prime factors of f?
47659
Suppose -2*o - 18*r = -15*r - 5283, 2*r + 2645 = o. List the prime factors of o.
3, 881
Suppose 6*k - 4*k + 2014 = -3*r, 4*r - 3055 = 3*k. Let y = -644 - k. List the prime factors of y.
3, 41
Let b = -20 - -25. Let k(m) = m**3 + m**2 - 7*m. Let l be k(b). Suppose 9*c - 10*c = -l. List the prime factors of c.
5, 23
Let z(c) = -44*c - 93. Let n be z(-13). Let s = n + -183. What are the prime factors of s?
2, 37
Let o be -1 - (-24)/6 - (1 - -6). Let v(t) = -3*t**3 - 3*t**2 + 5*t + 7. What are the prime factors of v(o)?
131
Suppose 5*v + 3*c - 444 = 521, -v + 195 = c. Suppose -4*u - 38 + 2 = 0. Let a = v + u. List the prime factors of a.
181
Suppose 3*d - 913 = -877. Suppose d*m = -0*m + 18960. What are the prime factors of m?
2, 5, 79
Let m(b) = 5*b - 3. Let z be m(-3). Let a be -2*(-3)/z*0. Suppose 2*n - 12 - 76 = a. What are the prime factors of n?
2, 11
Let i(f) = 3*f**3 + 2*f**2 - 7*f + 22672. What are the prime factors of i(0)?
2, 13, 109
Let f be 87/12 - (1/4 + -1). Suppose -2*w + w = -f. Suppose 6*d = w*d - 490. List the prime factors of d.
5, 7
List the prime factors of (-3)/((-357)/34) - (-3)/((-42)/(-326266)).
5, 59, 79
Suppose 0 = 3*k - 5*k + 332 + 3378. What are the prime factors of k?
5, 7, 53
Let r(a) = -2139*a + 5168. List the prime factors of r(-29).
11, 41, 149
Suppose -113*a + 125 = -108*a. Suppose -g - 2*g - p = -1442, -5*p + a = 0. Suppose -69 = -2*x + g. What are the prime factors of x?
2, 137
Suppose -2*b - i = -16, -b - 18*i + 15 = -14*i. Let p(a) be the third derivative of a**5/12 - 5*a**4/8 + 8*a**3/3 - 2*a**2. What are the prime factors of p(b)?
2, 3, 13
Suppose -4*u = 2*s - s - 4861, 0 = -4*s - 6*u + 19494. What are the prime factors of s?
3, 1627
Let m = 29672 + -980. List the prime factors of m.
2, 3, 797
Suppose -17*y = -0*y + 68. Let s(q) = -281*q - 54. What are the prime factors of s(y)?
2, 5, 107
Suppose -6*w - 6*w - 120 = 0. What are the prime factors of (-65)/w*32 - (3 + -2)?
3, 23
Let d = 544 - 987. Suppose 4*c + 1439 = 2*n - 35, -c + 719 = n. Let v = d + n. What are the prime factors of v?
2, 3, 47
Let t(f) = -3*f - 28. Let x(k) = 9*k + 26. Let v be x(-4). Let n be t(v). Suppose -5*g - 3*s = 2*s - 1095, 4*s - 430 = -n*g. List the prime factors of g.
223
List the prime factors of (-2305)/((377/(-195))/(-29) - (-2)/(-5)).
3, 5, 461
Let m(t) = -54*t + 5484. What are the prime factors of m(0)?
2, 3, 457
Let t(u) = 18*u - 140. Let d be t(8). Suppose 1943 = 4*h + 2*p + 127, -3*h = -d*p - 1340. What are the prime factors of h?
2, 113
Let q = 907 - -4632. List the prime factors of q.
29, 191
Suppose 15*q - 17*q - 4*c + 31538 = 0, -78815 = -5*q - 5*c. List the prime factors of q.
7, 2251
Let r(u) = 19*u**2 + 13*u + 24. Suppose -18*h - 3 = -17*h. List the prime factors of r(h).
2, 3, 13
Suppose -90*s = -4*x - 94*s + 168992, 0 = 6*x - 5*s - 253466. List the prime factors of x.
2, 3, 2347
Let n be 6 + ((-35)/14 - 1/(-2)). Suppose 2*r = 5*l + 26, 2*r - n*l = -3*l + 10. Suppose 2*b = 11 - 1, -5*c - r*b + 360 = 0. What are the prime fact